{"id":6758,"date":"2017-04-06T12:38:13","date_gmt":"2017-04-06T10:38:13","guid":{"rendered":"http:\/\/blog.empikfoto.pl\/?page_id=6758"},"modified":"2022-12-20T16:45:37","modified_gmt":"2022-12-20T15:45:37","slug":"strona-glowna","status":"publish","type":"page","link":"https:\/\/www.empikfoto.pl\/blog\/","title":{"rendered":"Strona g\u0142\u00f3wna"},"content":{"rendered":"","protected":false},"excerpt":{"rendered":"","protected":false},"author":16,"featured_media":0,"parent":0,"menu_order":0,"comment_status":"closed","ping_status":"closed","template":"homepage.php","meta":{"footnotes":""},"class_list":["post-6758","page","type-page","status-publish","hentry"],"yoast_head":"<!-- This site is optimized with the Yoast SEO plugin v27.4 - https:\/\/yoast.com\/product\/yoast-seo-wordpress\/ -->\n<title>Blog Empik Foto | ZAINSPIRUJ SI\u0118!<\/title>\n<meta name=\"description\" content=\"Zainspiruj si\u0119! Na blogu Empik Foto znajdziesz inspiracje, pomys\u0142y na prezenty, poradniki i lifestyle&#039;owe artyku\u0142y, nie tylko o fotografii.\" \/>\n<meta name=\"robots\" content=\"index, follow, max-snippet:-1, max-image-preview:large, max-video-preview:-1\" \/>\n<link rel=\"canonical\" href=\"https:\/\/www.empikfoto.pl\/blog\/\" \/>\n<meta property=\"og:locale\" content=\"pl_PL\" \/>\n<meta property=\"og:type\" content=\"article\" \/>\n<meta property=\"og:title\" content=\"Blog.empikfoto.pl | ZAINSPIRUJ SI\u0118!\" \/>\n<meta property=\"og:description\" content=\"Zainspiruj si\u0119! Na blog.empikfoto.pl znajdziesz inspiracje, pomys\u0142y na prezenty DIY, poradniki fotograficzne i lifestyle&#039;owe artyku\u0142y nie tylko o fotografii.\" \/>\n<meta property=\"og:url\" content=\"https:\/\/www.empikfoto.pl\/blog\/\" \/>\n<meta property=\"og:site_name\" content=\"blog.empikfoto.pl\" \/>\n<meta property=\"article:publisher\" content=\"https:\/\/www.facebook.com\/empikfotopl\/\" \/>\n<meta property=\"article:modified_time\" content=\"2022-12-20T15:45:37+00:00\" \/>\n<meta property=\"og:image\" content=\"https:\/\/blog.empikfoto.pl\/empikfoto\/2017\/04\/Blogempikfotopl_FB.png\" \/>\n<meta name=\"twitter:card\" content=\"summary_large_image\" \/>\n<meta name=\"twitter:site\" content=\"@empikfoto\" \/>\n<script type=\"application\/ld+json\" class=\"yoast-schema-graph\">{\"@context\":\"https:\\\/\\\/schema.org\",\"@graph\":[{\"@type\":\"WebPage\",\"@id\":\"https:\\\/\\\/www.empikfoto.pl\\\/blog\\\/\",\"url\":\"https:\\\/\\\/www.empikfoto.pl\\\/blog\\\/\",\"name\":\"Blog Empik Foto | ZAINSPIRUJ SI\u0118!\",\"isPartOf\":{\"@id\":\"https:\\\/\\\/www.empikfoto.pl\\\/blog\\\/#website\"},\"datePublished\":\"2017-04-06T10:38:13+00:00\",\"dateModified\":\"2022-12-20T15:45:37+00:00\",\"description\":\"Zainspiruj si\u0119! Na blogu Empik Foto znajdziesz inspiracje, pomys\u0142y na prezenty, poradniki i lifestyle'owe artyku\u0142y, nie tylko o fotografii.\",\"breadcrumb\":{\"@id\":\"https:\\\/\\\/www.empikfoto.pl\\\/blog\\\/#breadcrumb\"},\"inLanguage\":\"pl-PL\",\"potentialAction\":[{\"@type\":\"ReadAction\",\"target\":[\"https:\\\/\\\/www.empikfoto.pl\\\/blog\\\/\"]}]},{\"@type\":\"BreadcrumbList\",\"@id\":\"https:\\\/\\\/www.empikfoto.pl\\\/blog\\\/#breadcrumb\",\"itemListElement\":[{\"@type\":\"ListItem\",\"position\":1,\"name\":\"Strona g\u0142\u00f3wna\",\"item\":\"https:\\\/\\\/www.empikfoto.pl\\\/blog\\\/\"},{\"@type\":\"ListItem\",\"position\":2,\"name\":\"Strona g\u0142\u00f3wna\"}]},{\"@type\":\"WebSite\",\"@id\":\"https:\\\/\\\/www.empikfoto.pl\\\/blog\\\/#website\",\"url\":\"https:\\\/\\\/www.empikfoto.pl\\\/blog\\\/\",\"name\":\"blog.empikfoto.pl\",\"description\":\"Poznaj empikfoto.pl od \u015brodka! Dowiedz si\u0119 wi\u0119cej o odbitkach, fotoksi\u0105\u017ckach i fotografii.\",\"potentialAction\":[{\"@type\":\"SearchAction\",\"target\":{\"@type\":\"EntryPoint\",\"urlTemplate\":\"https:\\\/\\\/www.empikfoto.pl\\\/blog\\\/?s={search_term_string}\"},\"query-input\":{\"@type\":\"PropertyValueSpecification\",\"valueRequired\":true,\"valueName\":\"search_term_string\"}}],\"inLanguage\":\"pl-PL\"}]}<\/script>\n<!-- \/ Yoast SEO plugin. -->","yoast_head_json":{"title":"Blog Empik Foto | ZAINSPIRUJ SI\u0118!","description":"Zainspiruj si\u0119! Na blogu Empik Foto znajdziesz inspiracje, pomys\u0142y na prezenty, poradniki i lifestyle'owe artyku\u0142y, nie tylko o fotografii.","robots":{"index":"index","follow":"follow","max-snippet":"max-snippet:-1","max-image-preview":"max-image-preview:large","max-video-preview":"max-video-preview:-1"},"canonical":"https:\/\/www.empikfoto.pl\/blog\/","og_locale":"pl_PL","og_type":"article","og_title":"Blog.empikfoto.pl | ZAINSPIRUJ SI\u0118!","og_description":"Zainspiruj si\u0119! Na blog.empikfoto.pl znajdziesz inspiracje, pomys\u0142y na prezenty DIY, poradniki fotograficzne i lifestyle'owe artyku\u0142y nie tylko o fotografii.","og_url":"https:\/\/www.empikfoto.pl\/blog\/","og_site_name":"blog.empikfoto.pl","article_publisher":"https:\/\/www.facebook.com\/empikfotopl\/","article_modified_time":"2022-12-20T15:45:37+00:00","og_image":[{"url":"https:\/\/blog.empikfoto.pl\/empikfoto\/2017\/04\/Blogempikfotopl_FB.png","type":"","width":"","height":""}],"twitter_card":"summary_large_image","twitter_site":"@empikfoto","schema":{"@context":"https:\/\/schema.org","@graph":[{"@type":"WebPage","@id":"https:\/\/www.empikfoto.pl\/blog\/","url":"https:\/\/www.empikfoto.pl\/blog\/","name":"Blog Empik Foto | ZAINSPIRUJ SI\u0118!","isPartOf":{"@id":"https:\/\/www.empikfoto.pl\/blog\/#website"},"datePublished":"2017-04-06T10:38:13+00:00","dateModified":"2022-12-20T15:45:37+00:00","description":"Zainspiruj si\u0119! Na blogu Empik Foto znajdziesz inspiracje, pomys\u0142y na prezenty, poradniki i lifestyle'owe artyku\u0142y, nie tylko o fotografii.","breadcrumb":{"@id":"https:\/\/www.empikfoto.pl\/blog\/#breadcrumb"},"inLanguage":"pl-PL","potentialAction":[{"@type":"ReadAction","target":["https:\/\/www.empikfoto.pl\/blog\/"]}]},{"@type":"BreadcrumbList","@id":"https:\/\/www.empikfoto.pl\/blog\/#breadcrumb","itemListElement":[{"@type":"ListItem","position":1,"name":"Strona g\u0142\u00f3wna","item":"https:\/\/www.empikfoto.pl\/blog\/"},{"@type":"ListItem","position":2,"name":"Strona g\u0142\u00f3wna"}]},{"@type":"WebSite","@id":"https:\/\/www.empikfoto.pl\/blog\/#website","url":"https:\/\/www.empikfoto.pl\/blog\/","name":"blog.empikfoto.pl","description":"Poznaj empikfoto.pl od \u015brodka! Dowiedz si\u0119 wi\u0119cej o odbitkach, fotoksi\u0105\u017ckach i fotografii.","potentialAction":[{"@type":"SearchAction","target":{"@type":"EntryPoint","urlTemplate":"https:\/\/www.empikfoto.pl\/blog\/?s={search_term_string}"},"query-input":{"@type":"PropertyValueSpecification","valueRequired":true,"valueName":"search_term_string"}}],"inLanguage":"pl-PL"}]}},"amp_enabled":false,"_links":{"self":[{"href":"https:\/\/www.empikfoto.pl\/blog\/wp-json\/wp\/v2\/pages\/6758","targetHints":{"allow":["GET"]}}],"collection":[{"href":"https:\/\/www.empikfoto.pl\/blog\/wp-json\/wp\/v2\/pages"}],"about":[{"href":"https:\/\/www.empikfoto.pl\/blog\/wp-json\/wp\/v2\/types\/page"}],"author":[{"embeddable":true,"href":"https:\/\/www.empikfoto.pl\/blog\/wp-json\/wp\/v2\/users\/16"}],"replies":[{"embeddable":true,"href":"https:\/\/www.empikfoto.pl\/blog\/wp-json\/wp\/v2\/comments?post=6758"}],"version-history":[{"count":1,"href":"https:\/\/www.empikfoto.pl\/blog\/wp-json\/wp\/v2\/pages\/6758\/revisions"}],"predecessor-version":[{"id":6759,"href":"https:\/\/www.empikfoto.pl\/blog\/wp-json\/wp\/v2\/pages\/6758\/revisions\/6759"}],"wp:attachment":[{"href":"https:\/\/www.empikfoto.pl\/blog\/wp-json\/wp\/v2\/media?parent=6758"}],"curies":[{"name":"wp","href":"https:\/\/api.w.org\/{rel}","templated":true}]}}